4461 is divided by 18.
3
Calculate the remainder when 1695574 is divided by 2083.
12
What is the remainder when 318580 is divided by 31?
24
Calculate the remainder when 520063 is divided by 1615.
33
Calculate the remainder when 9881030 is divided by 290618.
18
What is the remainder when 1249093 is divided by 1200?
1093
What is the remainder when 308482 is divided by 6620?
3962
Calculate the remainder when 151320 is divided by 411.
72
Calculate the remainder when 2744516 is divided by 1381.
469
What is the remainder when 1487905 is divided by 148788?
25
Calculate the remainder when 280720 is divided by 7089.
4249
What is the remainder when 2997766 is divided by 520?
486
Calculate the remainder when 1961941 is divided by 2831.
58
What is the remainder when 2717998 is divided by 1358951?
96
What is the remainder when 62794562 is divided by 1577?
1576
What is the remainder when 35338 is divided by 1368?
1138
Calculate the remainder when 4395661 is divided by 1234.
153
What is the remainder when 112614416 is divided by 2282?
2280
Calculate the remainder when 34992 is divided by 8741.
28
Calculate the remainder when 39778230 is divided by 8.
6
What is the remainder when 315214 is divided by 14529?
10105
Calculate the remainder when 244378679 is divided by 322.
321
What is the remainder when 47558688 is divided by 17?
15
What is the remainder when 54517576 is divided by 251233?
15
Calculate the remainder when 1321431 is divided by 890.
671
What is the remainder when 46941012 is divided by 206?
204
What is the remainder when 232905 is divided by 25855?
210
Calculate the remainder when 831621 is divided by 36107.
1160
What is the remainder when 4211318 is divided by 107982?
20
What is the remainder when 44471 is divided by 946?
9
What is the remainder when 116568059 is divided by 1085?
1084
Calculate the remainder when 213688910 is divided by 37.
35
Calculate the remainder when 111614 is divided by 36790.
1244
Calculate the remainder when 39243699 is divided by 156.
27
What is the remainder when 856189 is divided by 4156?
53
Calculate the remainder when 2695027 is divided by 1347244.
539
Calculate the remainder when 537153 is divided by 48770.
683
Calculate the remainder when 3978629 is divided by 1326203.
20
What is the remainder when 4437964 is divided by 37?
36
Calculate the remainder when 11153480 is divided by 61.
57
Calculate the remainder when 96186 is divided by 576.
570
Calculate the remainder when 868988 is divided by 1252.
100
What is the remainder when 1810212 is divided by 24797?
31
Calculate the remainder when 13611946 is divided by 824.
290
What is the remainder when 137422 is divided by 67205?
3012
Calculate the remainder when 21454 is divided by 101.
42
What is the remainder when 22185296 is divided by 589?
22
Calculate the remainder when 8785 is divided by 835.
435
Calculate the remainder when 8860866 is divided by 30.
6
Calculate the remainder when 53050320 is divided by 223841.
3
Calculate the remainder when 125939820 is divided by 395.
390
What is the remainder when 4225240 is divided by 4758?
136
Calculate the remainder when 270640 is divided by 270393.
247
Calculate the remainder when 272386 is divided by 747.
478
What is the remainder when 21557 is divided by 245?
242
Calculate the remainder when 1805412 is divided by 902700.
12
What is the remainder when 184498 is divided by 4972?
534
Calculate the remainder when 750198185 is divided by 2298.
2297
Calculate the remainder when 507746 is divided by 169243.
17
What is the remainder when 4216174 is divided by 37?
24
What is the remainder when 261831 is divided by 30?
21
Calculate the remainder when 74282 is divided by 14596.
1302
What is the remainder when 363613940 is divided by 11551?
11
What is the remainder when 1000137 is divided by 333375?
12
What is the remainder when 293023 is divided by 10852?
19
What is the remainder when 37900203 is divided by 549278?
21
Calculate the remainder when 298137 is divided by 864.
57
Calculate the remainder when 12735684 is divided by 395.
94
Calculate the remainder when 4086885 is divided by 1352.
1141
Calculate the remainder when 37550 is divided by 5289.
527
Calculate the remainder when 162848 is divided by 156854.
5994
Calculate the remainder when 276965 is divided by 17309.
21
What is the remainder when 85967 is divided by 85665?
302
Calculate the remainder when 313541 is divided by 156544.
453
Calculate the remainder when 61770 is divided by 675.
345
What is the remainder when 966228 is divided by 7925?
7303
What is the remainder when 235711 is divided by 33663?
70
What is the remainder when 205286 is divided by 16?
6
Calculate the remainder when 2760455 is divided by 8494.
8399
What is the remainder when 30818 is divided by 747?
191
Calculate the remainder when 1089750 is divided by 641.
50
What is the remainder when 1241158 is divided by 293?
10
What is the remainder when 120479 is divided by 1647?
248
What is the remainder when 307423 is divided by 544?
63
What is the remainder when 13526911 is divided by 644138?
13
What is the remainder when 47975078 is divided by 17490?
8
Calculate the remainder when 570573 is divided by 138861.
15129
Calculate the remainder when 119256 is divided by 39193.
1677
Calculate the remainder when 3751796 is divided by 59.
45
What is the remainder when 1007141 is divided by 251639?
585
What is the remainder when 709029 is divided by 557?
525
Calculate the remainder when 384782 is divided by 32038.
326
What is the remainder when 42506389 is divided by 136?
133
Calculate the remainder when 18206036 is divided by 1313.
1291
What is the remainder when 1160999 is divided by 290219?
123
What is the remainder when 1790746 is divided by 101?
16
Calculate the remainder when 264778 is divided by 88234.
76
What is the remainder when 329125 is divided by 328443?
682
Calculate the remainder when 21256561 is divided by 231049.
53
What is the remainder when 959925 is divided by 479959?
7
Calculate the remainder when 181780295 is divided by 3252.
3251
What is the remainder when 449911 is divided by 112397?
323
Calculate the remainder when 4393470 is divided by 212.
194
What is the remainder when 849264 is divided by 805?
794
What is the remainder when 4506241 is divided by 349?
302
What is the remainder when 89894 is divided by 2091?
2072
What is the remainder when 3435169 is divided by 264243?
10
What is the remainder when 111882 is divided by 529?
263
What is the remainder when 5952683 is divided by 56157?
41
What is the remainder when 618195 is divided by 3343?
3083
What is the remainder when 65550148 is divided by 2114520?
28
Calculate the remainder when 13409135 is divided by 18.
17
Calculate the remainder when 25199042 is divided by 629976.
2
Calculate the remainder when 1050265 is divided by 18104.
233
What is the remainder when 306419 is divided by 232?
179
Calculate the remainder when 124040805 is divided by 54.
51
Calculate the remainder when 4467574 is divided by 4467565.
9
Calculate the remainder when 343032 is divided by 32.
24
Calculate the remainder when 66750828 is divided by 590.
588
What is the remainder when 5314093 is divided by 1328517?
25
Calculate the remainder when 10027175 is divided by 1144.
15
Calculate the remainder when 3896046 is divided by 1948021.
4
Calculate the remainder when 2231220 is divided by 2394.
12
What is the remainder when 13053163 is divided by 2360?
3
What is the remainder when 1398986 is divided by 349682?
258
What is the remainder when 763701 is divided by 7204?
77
Calculate the remainder when 624193 is divided by 291.
289
Calculate the remainder when 120504 is divided by 211.
23
Calculate the remainder when 1598643 is divided by 2079.
1971
Calculate the remainder when 21515013 is divided by 25.
13
What is the remainder when 28693792 is divided by 855?
847
What is the remainder when 79562 is divided by 1201?
296
Calculate the remainder when 1163191530 is divided by 21.
18
What is the remainder when 2082397 is divided by 1370?
1367
Calculate the remainder when 23137 is divided by 3296.
65
What is the remainder when 54916114 is divided by 79?
54
Calculate the remainder when 6685627 is divided by 6914.
6703
What is the remainder when 7500669 is divided by 86?
7
Calculate t